{"id":1426,"date":"2022-02-16T16:09:09","date_gmt":"2022-02-16T15:09:09","guid":{"rendered":"http:\/\/hautes-alpes-rugby.fr\/?page_id=1426"},"modified":"2022-03-25T10:01:55","modified_gmt":"2022-03-25T09:01:55","slug":"college-fontreyne","status":"publish","type":"page","link":"https:\/\/hautes-alpes-rugby.fr\/?page_id=1426","title":{"rendered":"Coll\u00e8ge de Fontreyne \u00e0 Gap"},"content":{"rendered":"\n<div class=\"wp-block-image\"><figure class=\"alignright size-full is-resized\"><img loading=\"lazy\" decoding=\"async\" src=\"https:\/\/hautes-alpes-rugby.fr\/wp-content\/uploads\/2022\/02\/logo_cd05.jpg\" alt=\"\" class=\"wp-image-1442\" width=\"157\" height=\"173\"\/><\/figure><\/div>\n\n\n\n<figure class=\"wp-block-image size-full\"><img loading=\"lazy\" decoding=\"async\" width=\"872\" height=\"376\" src=\"https:\/\/hautes-alpes-rugby.fr\/wp-content\/uploads\/2022\/02\/Fontreyne.jpg\" alt=\"\" class=\"wp-image-1446\" srcset=\"https:\/\/hautes-alpes-rugby.fr\/wp-content\/uploads\/2022\/02\/Fontreyne.jpg 872w, https:\/\/hautes-alpes-rugby.fr\/wp-content\/uploads\/2022\/02\/Fontreyne-300x129.jpg 300w, https:\/\/hautes-alpes-rugby.fr\/wp-content\/uploads\/2022\/02\/Fontreyne-768x331.jpg 768w\" sizes=\"auto, (max-width: 872px) 100vw, 872px\" \/><figcaption>Tout contre le<strong> Stade de Fontreyne<\/strong>, au centre de la \u00ab\u00a0Plaine des Sports\u00a0\u00bb<\/figcaption><\/figure>\n\n\n\n<p><strong>Contact<\/strong> : S\u00e9bastien RUEL <strong> <a href=\"mailto:ruelsebastien05@gmail.com\"><em>ruelsebastien05@gmail.com<\/em><\/a><\/strong><\/p>\n\n\n\n<p>COLLEGE DE FONTREYNE, Chemin de Graffinel, 05000 Gap<\/p>\n\n\n\n<p>GAP HAUTES ALPES RUGBY, 1 chemin des matins calmes, 05000 Gap <a href=\"mailto:rugbyclubgap@gmail.com\"><em><strong>rugbyclubgap@gmail.com<\/strong><\/em><\/a><\/p>\n\n\n\n<p><\/p>\n\n\n\n<div data-wp-interactive=\"core\/file\" class=\"wp-block-file\"><object data-wp-bind--hidden=\"!state.hasPdfPreview\" hidden class=\"wp-block-file__embed\" data=\"https:\/\/hautes-alpes-rugby.fr\/wp-content\/uploads\/2022\/02\/4-convention_section_sportive_20212022.pdf\" type=\"application\/pdf\" style=\"width:100%;height:310px\" aria-label=\"Contenu embarqu\u00e9 Contenu embarqu\u00e9 convention coll\u00e8ge\/club..\"><\/object><a id=\"wp-block-file--media-dc97928a-5619-469f-a10e-c1743f1ee2c0\" href=\"https:\/\/hautes-alpes-rugby.fr\/wp-content\/uploads\/2022\/02\/4-convention_section_sportive_20212022.pdf\">convention coll\u00e8ge\/club<\/a><a href=\"https:\/\/hautes-alpes-rugby.fr\/wp-content\/uploads\/2022\/02\/4-convention_section_sportive_20212022.pdf\" class=\"wp-block-file__button\" download aria-describedby=\"wp-block-file--media-dc97928a-5619-469f-a10e-c1743f1ee2c0\">T\u00e9l\u00e9charger<\/a><\/div>\n\n\n\n<div data-wp-interactive=\"core\/file\" class=\"wp-block-file\"><object data-wp-bind--hidden=\"!state.hasPdfPreview\" hidden class=\"wp-block-file__embed\" data=\"https:\/\/hautes-alpes-rugby.fr\/wp-content\/uploads\/2022\/02\/Projet-Section-Sportive-Rugby-College-FONTREYNE-V2.pdf\" type=\"application\/pdf\" style=\"width:100%;height:270px\" aria-label=\"Contenu embarqu\u00e9 Contenu embarqu\u00e9 Projet..\"><\/object><a id=\"wp-block-file--media-7427d3ff-feef-407a-891c-e5d482ca8ae9\" href=\"https:\/\/hautes-alpes-rugby.fr\/wp-content\/uploads\/2022\/02\/Projet-Section-Sportive-Rugby-College-FONTREYNE-V2.pdf\">Projet<\/a><a href=\"https:\/\/hautes-alpes-rugby.fr\/wp-content\/uploads\/2022\/02\/Projet-Section-Sportive-Rugby-College-FONTREYNE-V2.pdf\" class=\"wp-block-file__button\" download aria-describedby=\"wp-block-file--media-7427d3ff-feef-407a-891c-e5d482ca8ae9\">T\u00e9l\u00e9charger<\/a><\/div>\n\n\n\n<div data-wp-interactive=\"core\/file\" class=\"wp-block-file\"><object data-wp-bind--hidden=\"!state.hasPdfPreview\" hidden class=\"wp-block-file__embed\" data=\"https:\/\/hautes-alpes-rugby.fr\/wp-content\/uploads\/2022\/02\/Dossier-candidature-SSS-rugby-2022.2023-College-Fontreyne-V2.pdf\" type=\"application\/pdf\" style=\"width:100%;height:300px\" aria-label=\"Contenu embarqu\u00e9 Contenu embarqu\u00e9 Dossier de candidature..\"><\/object><a id=\"wp-block-file--media-8724606d-91c8-457c-b0ed-7a86d1371d39\" href=\"https:\/\/hautes-alpes-rugby.fr\/wp-content\/uploads\/2022\/02\/Dossier-candidature-SSS-rugby-2022.2023-College-Fontreyne-V2.pdf\">Dossier de candidature<\/a><a href=\"https:\/\/hautes-alpes-rugby.fr\/wp-content\/uploads\/2022\/02\/Dossier-candidature-SSS-rugby-2022.2023-College-Fontreyne-V2.pdf\" class=\"wp-block-file__button\" download aria-describedby=\"wp-block-file--media-8724606d-91c8-457c-b0ed-7a86d1371d39\">T\u00e9l\u00e9charger<\/a><\/div>\n\n\n\n<div data-wp-interactive=\"core\/file\" class=\"wp-block-file\"><object data-wp-bind--hidden=\"!state.hasPdfPreview\" hidden class=\"wp-block-file__embed\" data=\"https:\/\/hautes-alpes-rugby.fr\/wp-content\/uploads\/2022\/03\/SS_Fontreyne.pdf\" type=\"application\/pdf\" style=\"width:100%;height:450px\" aria-label=\"Contenu embarqu\u00e9 Contenu embarqu\u00e9 Section Sportive du coll\u00e8ge de Fontreyne..\"><\/object><a id=\"wp-block-file--media-65a7acd1-e1dd-4b21-b564-7f25cc40623c\" href=\"https:\/\/hautes-alpes-rugby.fr\/wp-content\/uploads\/2022\/03\/SS_Fontreyne.pdf\">Section Sportive du coll\u00e8ge de Fontreyne<\/a><a href=\"https:\/\/hautes-alpes-rugby.fr\/wp-content\/uploads\/2022\/03\/SS_Fontreyne.pdf\" class=\"wp-block-file__button\" download aria-describedby=\"wp-block-file--media-65a7acd1-e1dd-4b21-b564-7f25cc40623c\">T\u00e9l\u00e9charger<\/a><\/div>\n\n\n\n<p><\/p>\n","protected":false},"excerpt":{"rendered":"<p>Contact : S\u00e9bastien RUEL ruelsebastien05@gmail.com COLLEGE DE FONTREYNE, Chemin de Graffinel, 05000 Gap GAP HAUTES ALPES RUGBY, 1 chemin des matins calmes, 05000 Gap rugbyclubgap@gmail.com<\/p>\n","protected":false},"author":1,"featured_media":0,"parent":0,"menu_order":0,"comment_status":"closed","ping_status":"closed","template":"","meta":{"footnotes":""},"class_list":["post-1426","page","type-page","status-publish","hentry"],"_links":{"self":[{"href":"https:\/\/hautes-alpes-rugby.fr\/index.php?rest_route=\/wp\/v2\/pages\/1426","targetHints":{"allow":["GET"]}}],"collection":[{"href":"https:\/\/hautes-alpes-rugby.fr\/index.php?rest_route=\/wp\/v2\/pages"}],"about":[{"href":"https:\/\/hautes-alpes-rugby.fr\/index.php?rest_route=\/wp\/v2\/types\/page"}],"author":[{"embeddable":true,"href":"https:\/\/hautes-alpes-rugby.fr\/index.php?rest_route=\/wp\/v2\/users\/1"}],"replies":[{"embeddable":true,"href":"https:\/\/hautes-alpes-rugby.fr\/index.php?rest_route=%2Fwp%2Fv2%2Fcomments&post=1426"}],"version-history":[{"count":12,"href":"https:\/\/hautes-alpes-rugby.fr\/index.php?rest_route=\/wp\/v2\/pages\/1426\/revisions"}],"predecessor-version":[{"id":1471,"href":"https:\/\/hautes-alpes-rugby.fr\/index.php?rest_route=\/wp\/v2\/pages\/1426\/revisions\/1471"}],"wp:attachment":[{"href":"https:\/\/hautes-alpes-rugby.fr\/index.php?rest_route=%2Fwp%2Fv2%2Fmedia&parent=1426"}],"curies":[{"name":"wp","href":"https:\/\/api.w.org\/{rel}","templated":true}]}}