{"id":1559,"date":"2022-09-30T16:12:16","date_gmt":"2022-09-30T14:12:16","guid":{"rendered":"http:\/\/hautes-alpes-rugby.fr\/?page_id=1559"},"modified":"2025-10-18T17:55:02","modified_gmt":"2025-10-18T15:55:02","slug":"les-feminimes","status":"publish","type":"page","link":"https:\/\/hautes-alpes-rugby.fr\/?page_id=1559","title":{"rendered":"LES FEMINIMES"},"content":{"rendered":"<div class=\"wp-block-image\">\n<figure class=\"alignleft size-full is-resized\"><img loading=\"lazy\" decoding=\"async\" width=\"500\" height=\"500\" src=\"https:\/\/hautes-alpes-rugby.fr\/wp-content\/uploads\/2022\/10\/2.png\" alt=\"\" class=\"wp-image-1573\" style=\"width:300px;height:300px\" srcset=\"https:\/\/hautes-alpes-rugby.fr\/wp-content\/uploads\/2022\/10\/2.png 500w, https:\/\/hautes-alpes-rugby.fr\/wp-content\/uploads\/2022\/10\/2-300x300.png 300w, https:\/\/hautes-alpes-rugby.fr\/wp-content\/uploads\/2022\/10\/2-150x150.png 150w, https:\/\/hautes-alpes-rugby.fr\/wp-content\/uploads\/2022\/10\/2-100x100.png 100w\" sizes=\"auto, (max-width: 500px) 100vw, 500px\" \/><\/figure>\n<\/div>\n\n\n<p><\/p>\n\n\n\n<p>La premi\u00e8re \u00e9quipe f\u00e9minine des Hautes Alpes a vu le jour dans le Queyras. jusque-l\u00e0, quelques filles \u00e9taient incorpor\u00e9es aux \u00e9quipes des Ecoles de Rugby.<\/p>\n\n\n\n<p>puis, en 2014, une g\u00e9n\u00e9ration spontan\u00e9e de joueuses se forme \u00e0 Gap<\/p>\n\n\n\n<p>Et la suite ?<\/p>\n\n\n\n<p><strong>18 mars 2023 : <\/strong>regroupement des filles du d\u00e9partement \u00e0 Gap : <a href=\"https:\/\/hautes-alpes-rugby.fr\/?p=1687\">Les filles \u00e0 l\u2019honneur<\/a><\/p>\n\n\n<div class=\"wp-block-image\">\n<figure class=\"alignleft size-full is-resized\"><img loading=\"lazy\" decoding=\"async\" width=\"514\" height=\"286\" src=\"https:\/\/hautes-alpes-rugby.fr\/wp-content\/uploads\/2022\/09\/2014.jpg\" alt=\"\" class=\"wp-image-1563\" style=\"width:651px;height:auto\" srcset=\"https:\/\/hautes-alpes-rugby.fr\/wp-content\/uploads\/2022\/09\/2014.jpg 514w, https:\/\/hautes-alpes-rugby.fr\/wp-content\/uploads\/2022\/09\/2014-300x167.jpg 300w\" sizes=\"auto, (max-width: 514px) 100vw, 514px\" \/><figcaption class=\"wp-element-caption\">2013 : Premi\u00e8re saison<\/figcaption><\/figure>\n<\/div>\n\n<div class=\"wp-block-image\">\n<figure class=\"alignright size-full is-resized\"><img loading=\"lazy\" decoding=\"async\" width=\"821\" height=\"464\" src=\"https:\/\/hautes-alpes-rugby.fr\/wp-content\/uploads\/2022\/09\/2015.jpg\" alt=\"\" class=\"wp-image-1564\" style=\"aspect-ratio:1.773972602739726;width:673px;height:auto\" srcset=\"https:\/\/hautes-alpes-rugby.fr\/wp-content\/uploads\/2022\/09\/2015.jpg 821w, https:\/\/hautes-alpes-rugby.fr\/wp-content\/uploads\/2022\/09\/2015-300x170.jpg 300w, https:\/\/hautes-alpes-rugby.fr\/wp-content\/uploads\/2022\/09\/2015-768x434.jpg 768w\" sizes=\"auto, (max-width: 821px) 100vw, 821px\" \/><figcaption class=\"wp-element-caption\">2014 : l&rsquo;association avec<strong> Digne<\/strong><\/figcaption><\/figure>\n<\/div>\n\n\n<figure class=\"wp-block-image size-full is-resized\"><img loading=\"lazy\" decoding=\"async\" width=\"860\" height=\"565\" src=\"https:\/\/hautes-alpes-rugby.fr\/wp-content\/uploads\/2023\/03\/FEM_2015.jpg\" alt=\"\" class=\"wp-image-1676\" style=\"width:552px;height:362px\" srcset=\"https:\/\/hautes-alpes-rugby.fr\/wp-content\/uploads\/2023\/03\/FEM_2015.jpg 860w, https:\/\/hautes-alpes-rugby.fr\/wp-content\/uploads\/2023\/03\/FEM_2015-300x197.jpg 300w, https:\/\/hautes-alpes-rugby.fr\/wp-content\/uploads\/2023\/03\/FEM_2015-768x505.jpg 768w\" sizes=\"auto, (max-width: 860px) 100vw, 860px\" \/><figcaption class=\"wp-element-caption\">2015 avec Christelle et V\u00e9ronique en renfort<\/figcaption><\/figure>\n\n\n<div class=\"wp-block-image\">\n<figure class=\"alignright size-full is-resized\"><img loading=\"lazy\" decoding=\"async\" width=\"877\" height=\"486\" src=\"https:\/\/hautes-alpes-rugby.fr\/wp-content\/uploads\/2022\/09\/2016.jpg\" alt=\"\" class=\"wp-image-1565\" style=\"aspect-ratio:1.80625;width:611px;height:auto\" srcset=\"https:\/\/hautes-alpes-rugby.fr\/wp-content\/uploads\/2022\/09\/2016.jpg 877w, https:\/\/hautes-alpes-rugby.fr\/wp-content\/uploads\/2022\/09\/2016-300x166.jpg 300w, https:\/\/hautes-alpes-rugby.fr\/wp-content\/uploads\/2022\/09\/2016-768x426.jpg 768w\" sizes=\"auto, (max-width: 877px) 100vw, 877px\" \/><figcaption class=\"wp-element-caption\">2016 : sans les Dignoises<\/figcaption><\/figure>\n<\/div>\n\n<div class=\"wp-block-image\">\n<figure class=\"alignleft size-large is-resized\"><img loading=\"lazy\" decoding=\"async\" width=\"1024\" height=\"671\" src=\"https:\/\/hautes-alpes-rugby.fr\/wp-content\/uploads\/2022\/09\/2017-1024x671.jpg\" alt=\"\" class=\"wp-image-1566\" style=\"aspect-ratio:1.5274151436031331;width:637px;height:auto\" srcset=\"https:\/\/hautes-alpes-rugby.fr\/wp-content\/uploads\/2022\/09\/2017-1024x671.jpg 1024w, https:\/\/hautes-alpes-rugby.fr\/wp-content\/uploads\/2022\/09\/2017-300x197.jpg 300w, https:\/\/hautes-alpes-rugby.fr\/wp-content\/uploads\/2022\/09\/2017-768x504.jpg 768w, https:\/\/hautes-alpes-rugby.fr\/wp-content\/uploads\/2022\/09\/2017.jpg 1220w\" sizes=\"auto, (max-width: 1024px) 100vw, 1024px\" \/><figcaption class=\"wp-element-caption\">2017 joyeux panach\u00e9 !<\/figcaption><\/figure>\n<\/div>\n\n<div class=\"wp-block-image\">\n<figure class=\"alignright size-large is-resized\"><img loading=\"lazy\" decoding=\"async\" width=\"1024\" height=\"597\" src=\"https:\/\/hautes-alpes-rugby.fr\/wp-content\/uploads\/2022\/09\/2018-1024x597.jpg\" alt=\"\" class=\"wp-image-1567\" style=\"aspect-ratio:1.7181818181818183;width:648px;height:auto\" srcset=\"https:\/\/hautes-alpes-rugby.fr\/wp-content\/uploads\/2022\/09\/2018-1024x597.jpg 1024w, https:\/\/hautes-alpes-rugby.fr\/wp-content\/uploads\/2022\/09\/2018-300x175.jpg 300w, https:\/\/hautes-alpes-rugby.fr\/wp-content\/uploads\/2022\/09\/2018-768x448.jpg 768w, https:\/\/hautes-alpes-rugby.fr\/wp-content\/uploads\/2022\/09\/2018.jpg 1512w\" sizes=\"auto, (max-width: 1024px) 100vw, 1024px\" \/><figcaption class=\"wp-element-caption\">2018 avec<strong> Sisteron<\/strong><\/figcaption><\/figure>\n<\/div>\n\n<div class=\"wp-block-image\">\n<figure class=\"alignleft size-full is-resized\"><img loading=\"lazy\" decoding=\"async\" width=\"994\" height=\"573\" src=\"https:\/\/hautes-alpes-rugby.fr\/wp-content\/uploads\/2022\/09\/2019.jpg\" alt=\"\" class=\"wp-image-1568\" style=\"aspect-ratio:1.7400611620795108;width:661px;height:auto\" srcset=\"https:\/\/hautes-alpes-rugby.fr\/wp-content\/uploads\/2022\/09\/2019.jpg 994w, https:\/\/hautes-alpes-rugby.fr\/wp-content\/uploads\/2022\/09\/2019-300x173.jpg 300w, https:\/\/hautes-alpes-rugby.fr\/wp-content\/uploads\/2022\/09\/2019-768x443.jpg 768w\" sizes=\"auto, (max-width: 994px) 100vw, 994px\" \/><figcaption class=\"wp-element-caption\">2019 sans les Sisteronaises<\/figcaption><\/figure>\n<\/div>\n\n\n<figure class=\"wp-block-image size-large\"><img loading=\"lazy\" decoding=\"async\" width=\"1024\" height=\"573\" src=\"https:\/\/hautes-alpes-rugby.fr\/wp-content\/uploads\/2025\/01\/Alpines_R-1024x573.jpg\" alt=\"\" class=\"wp-image-2057\" srcset=\"https:\/\/hautes-alpes-rugby.fr\/wp-content\/uploads\/2025\/01\/Alpines_R-1024x573.jpg 1024w, https:\/\/hautes-alpes-rugby.fr\/wp-content\/uploads\/2025\/01\/Alpines_R-300x168.jpg 300w, https:\/\/hautes-alpes-rugby.fr\/wp-content\/uploads\/2025\/01\/Alpines_R-768x429.jpg 768w, https:\/\/hautes-alpes-rugby.fr\/wp-content\/uploads\/2025\/01\/Alpines_R-1536x859.jpg 1536w, https:\/\/hautes-alpes-rugby.fr\/wp-content\/uploads\/2025\/01\/Alpines_R.jpg 1731w\" sizes=\"auto, (max-width: 1024px) 100vw, 1024px\" \/><figcaption class=\"wp-element-caption\">2023 : la renaissance<\/figcaption><\/figure>\n\n\n\n<p><\/p>\n\n\n\n<p><\/p>\n\n\n<div class=\"wp-block-image\">\n<figure class=\"aligncenter size-large\"><img loading=\"lazy\" decoding=\"async\" width=\"1024\" height=\"500\" src=\"https:\/\/hautes-alpes-rugby.fr\/wp-content\/uploads\/2025\/04\/FEMININES_R-1024x500.jpg\" alt=\"\" class=\"wp-image-2126\" srcset=\"https:\/\/hautes-alpes-rugby.fr\/wp-content\/uploads\/2025\/04\/FEMININES_R-1024x500.jpg 1024w, https:\/\/hautes-alpes-rugby.fr\/wp-content\/uploads\/2025\/04\/FEMININES_R-300x147.jpg 300w, https:\/\/hautes-alpes-rugby.fr\/wp-content\/uploads\/2025\/04\/FEMININES_R-768x375.jpg 768w, https:\/\/hautes-alpes-rugby.fr\/wp-content\/uploads\/2025\/04\/FEMININES_R-1536x750.jpg 1536w, https:\/\/hautes-alpes-rugby.fr\/wp-content\/uploads\/2025\/04\/FEMININES_R.jpg 1660w\" sizes=\"auto, (max-width: 1024px) 100vw, 1024px\" \/><figcaption class=\"wp-element-caption\">2025 : le creux de la vague<\/figcaption><\/figure>\n<\/div>\n\n<div class=\"wp-block-image\">\n<figure class=\"alignleft size-large\"><img loading=\"lazy\" decoding=\"async\" width=\"1024\" height=\"443\" src=\"https:\/\/hautes-alpes-rugby.fr\/wp-content\/uploads\/2025\/10\/FEMININES_R-1024x443.jpg\" alt=\"\" class=\"wp-image-2232\" srcset=\"https:\/\/hautes-alpes-rugby.fr\/wp-content\/uploads\/2025\/10\/FEMININES_R-1024x443.jpg 1024w, https:\/\/hautes-alpes-rugby.fr\/wp-content\/uploads\/2025\/10\/FEMININES_R-300x130.jpg 300w, https:\/\/hautes-alpes-rugby.fr\/wp-content\/uploads\/2025\/10\/FEMININES_R-768x332.jpg 768w, https:\/\/hautes-alpes-rugby.fr\/wp-content\/uploads\/2025\/10\/FEMININES_R.jpg 1026w\" sizes=\"auto, (max-width: 1024px) 100vw, 1024px\" \/><figcaption class=\"wp-element-caption\">2026 : Association salutaire avec <strong>Oraison<\/strong><\/figcaption><\/figure>\n<\/div>\n\n\n<p><\/p>\n","protected":false},"excerpt":{"rendered":"<p>La premi\u00e8re \u00e9quipe f\u00e9minine des Hautes Alpes a vu le jour dans le Queyras. jusque-l\u00e0, quelques filles \u00e9taient incorpor\u00e9es aux \u00e9quipes des Ecoles de Rugby. puis, en 2014, une g\u00e9n\u00e9ration spontan\u00e9e de joueuses se forme \u00e0 Gap Et la suite ? 18 mars 2023 : regroupement des filles du d\u00e9partement \u00e0 Gap : Les filles &hellip; <a href=\"https:\/\/hautes-alpes-rugby.fr\/?page_id=1559\" class=\"more-link\">Continuer la lecture de <span class=\"screen-reader-text\">LES FEMINIMES<\/span><\/a><\/p>\n","protected":false},"author":2,"featured_media":0,"parent":0,"menu_order":0,"comment_status":"open","ping_status":"closed","template":"","meta":{"footnotes":""},"class_list":["post-1559","page","type-page","status-publish","hentry"],"_links":{"self":[{"href":"https:\/\/hautes-alpes-rugby.fr\/index.php?rest_route=\/wp\/v2\/pages\/1559","targetHints":{"allow":["GET"]}}],"collection":[{"href":"https:\/\/hautes-alpes-rugby.fr\/index.php?rest_route=\/wp\/v2\/pages"}],"about":[{"href":"https:\/\/hautes-alpes-rugby.fr\/index.php?rest_route=\/wp\/v2\/types\/page"}],"author":[{"embeddable":true,"href":"https:\/\/hautes-alpes-rugby.fr\/index.php?rest_route=\/wp\/v2\/users\/2"}],"replies":[{"embeddable":true,"href":"https:\/\/hautes-alpes-rugby.fr\/index.php?rest_route=%2Fwp%2Fv2%2Fcomments&post=1559"}],"version-history":[{"count":16,"href":"https:\/\/hautes-alpes-rugby.fr\/index.php?rest_route=\/wp\/v2\/pages\/1559\/revisions"}],"predecessor-version":[{"id":2236,"href":"https:\/\/hautes-alpes-rugby.fr\/index.php?rest_route=\/wp\/v2\/pages\/1559\/revisions\/2236"}],"wp:attachment":[{"href":"https:\/\/hautes-alpes-rugby.fr\/index.php?rest_route=%2Fwp%2Fv2%2Fmedia&parent=1559"}],"curies":[{"name":"wp","href":"https:\/\/api.w.org\/{rel}","templated":true}]}}